s + 55 = 4*r - x, r = -3*s - 853. Let d = 399 + s. Calculate the greatest common factor of d and 19.
19
Suppose 5*m = 3*k + 1193, -57*m + 5*k - 1185 = -62*m. What is the greatest common divisor of m and 154?
14
Let x(g) = 2*g**3 - 5*g**2 + 154*g - 1616. Let i be x(11). What is the greatest common factor of i and 3050?
305
Let g = -248 + 366. Suppose 162 = 2*m - g. Calculate the highest common divisor of 60 and m.
20
Let q = 251 - 58. Let a = q + -160. Calculate the greatest common divisor of a and 22.
11
Let b be (-162)/(-26) + 3234/182 + -18. What is the highest common divisor of b and 1551?
3
Let g(v) = 24*v + 20. Let c be g(5). Let j = -75 + c. What is the highest common factor of 91 and j?
13
Suppose -4 = -2*s, -101 = -6*m + 3*m - s. Let z(j) = -7*j + 159. Let v be z(18). Let y = 44 - v. What is the greatest common divisor of y and m?
11
Let m = -154 + 156. Suppose m*h + 4 = -u, 2*u + 6*h = h - 12. What is the highest common factor of u and 7?
1
Let m(q) = q**2 + q + 1. Let r be m(-4). Let x = 119 - -284. Calculate the highest common factor of r and x.
13
Let p(c) = -19*c**3 + 6*c**2 + 69*c + 47. Let k be p(-7). Calculate the greatest common factor of 51 and k.
51
Let v be 15/5 + -3 - -9. Let b be ((-3)/(-6) + (-126)/(-20))*15. Suppose 5*s = 5*d - 147 - 453, 5*s - b = -d. What is the highest common divisor of v and d?
9
Suppose 338*x - 476*x = -103776. What is the greatest common divisor of 1034 and x?
94
Suppose 5*z = -3*h + 12 + 15, 18 = 3*h + 2*z. Suppose 5*l - 44 = -19, -h*l - 8 = -4*o. Suppose 7 = o*y - 0*y. Calculate the greatest common factor of 8 and y.
1
Suppose -74 = 5*k - t, 4*k + 4*t - t = -44. Let m = k - -20. Suppose 5*x - 2*n - 2 = 4*x, 5*x - 24 = -4*n. Calculate the highest common divisor of m and x.
2
Let p(f) = f**3 - 75*f**2 - 312*f - 181. Let s be p(79). Calculate the greatest common divisor of 990 and s.
45
Let s(x) = -x**2 - 7*x - 1. Let o be s(-6). Suppose 3 = -o*n + 33. Suppose -v - 990 = -n*v. What is the greatest common factor of 18 and v?
18
Let b be 0 + 1 - (1 + -3) - 5. Let k = 190 - b. What is the greatest common factor of 72 and k?
24
Let o = -20811 + 20841. Let x = 67 + -48. Suppose -4*a + x + 5 = 0. What is the highest common factor of a and o?
6
Let k(r) = r**3 - 12*r**2 + 22*r - 7. Let f be k(9). Let v be (-808)/(-13) + 8/f. Calculate the greatest common factor of 93 and v.
31
Let m = 44 + -46. Let i be (1*(-12)/m)/((-3)/(-10)). Let p be 834/21 + 36/(-21) + 2. Calculate the highest common divisor of i and p.
20
Let w be 75/30*(-12)/5. Let o(g) = -42*g - 243. Let l be o(w). Let m = -109 - -154. Calculate the highest common divisor of l and m.
9
Suppose -8*s - 206 = -10*s. Suppose 0*v = v + s. Let j = -85 - v. Calculate the greatest common factor of j and 126.
18
Suppose 0 = -5*f - 58 + 38. Let g(c) = 6*c**2 - 39*c - 156. Let o be g(f). What is the greatest common factor of o and 72?
24
Suppose 5*p = 2*m + 692, -185 - 383 = -4*p + 4*m. What is the highest common factor of p and 536?
8
Let q(r) = -2*r**2 - r + 1. Let b be q(0). Let n be b/(((-1)/4)/(1/2)). Let j be 1 - (-2 + n + 0). What is the greatest common factor of 40 and j?
5
Let p = -2013 + 3042. What is the highest common divisor of 42 and p?
21
Let l = -109 - -122. Suppose -2536 + 443 = -l*t. What is the highest common factor of 14 and t?
7
Suppose -90312 = -81*x - 28*x + 38*x. What is the highest common divisor of 216 and x?
24
Let l(k) = 38*k - 699. Let a be l(21). Calculate the greatest common factor of 117 and a.
9
Let s be (-6)/12 + (-2550)/(-12). Suppose 68 = 2*o - 4*q, 2*q + 2*q - s = -5*o. Suppose -3*u + 10 = -u. Calculate the greatest common factor of o and u.
5
Let t(v) be the second derivative of 39*v**4/2 - v**3/6 + v**2/2 - 118*v. Let g be t(1). Calculate the highest common divisor of 18 and g.
18
Suppose -173*d + 405 = -164*d. Suppose h + 4*l = 2*l + d, -12 = 4*l. Calculate the greatest common factor of h and 68.
17
Suppose 0 = -1148*q + 1177*q - 311460. Calculate the greatest common factor of q and 60.
60
Let z be (-15 + 0)/(-3 + (-3915)/(-1320)). Let q be (-20)/15*(-2 + -1). Suppose 160 - z = -q*d. What is the greatest common divisor of d and 56?
14
Suppose -28358 = -106*u + 102234. What is the greatest common factor of 33 and u?
11
Let z(l) = -l**3 - 13*l**2 - 13*l - 4. Let t be z(-12). Let n(c) = 4*c - 23. Let h be n(t). Calculate the greatest common factor of 36 and h.
9
Let o be 3*(2 - 1)*(-3 - -4). Let m(k) = 330*k - 3 - 331*k + o. Let f be m(-3). Calculate the highest common factor of 2 and f.
1
Let j be ((-35)/(-21))/(10/24). Suppose 14 = -6*s + 4*s + 5*n, 4*s = -3*n + 24. Let i be 78/12 - (6/j)/s. What is the highest common divisor of 2 and i?
2
Let c(i) = -4*i**2 - 259*i - 1334. Let h be c(-6). Let p be 4/(-10) + 97/5. What is the highest common divisor of p and h?
19
Suppose 17*b - 7*b - 371 = 569. Calculate the highest common factor of b and 5170.
94
Suppose 5*p - 3*a - 23 = 0, 4*p + 0*a - 5*a = 21. Suppose 0 = 4*x + x + 3*b - 586, x = -p*b + 124. Calculate the highest common factor of 522 and x.
58
Let g be (-2)/1*(-261 + -335). Calculate the greatest common factor of 5513 and g.
149
Let a(i) = 239*i - 938. Let p be a(14). What is the highest common factor of 14 and p?
14
Let y = 1511 - -9775. Calculate the greatest common divisor of 114 and y.
114
Let l(y) = y**3 + 33*y**2 + 81*y + 87. Let k be l(-29). What is the greatest common divisor of 174 and k?
58
Suppose 0 = -0*c + 15*c + 90. Let i = 8 - c. Calculate the greatest common divisor of 35 and i.
7
Let a be 294/(-245)*(1 - (-1454)/6). Let y = a + 331. Let p be ((-468)/8)/((-1)/6). Calculate the greatest common divisor of y and p.
39
Let k = -532 + 527. Let y be k - 64*(-3)/6. Calculate the greatest common divisor of 288 and y.
9
Suppose 0 = t, -6*t = u - 419 - 36. What is the greatest common factor of 273 and u?
91
Suppose 2*q = x + 1149, -26*x + 4 = -22*x. Calculate the greatest common factor of q and 391.
23
Let n(u) = -5*u + 6. Let a(y) = -3 + 55*y - 59*y + 36. Let f be a(9). Let x be n(f). Calculate the greatest common divisor of 35 and x.
7
Let n be (-1)/(0 + (-4)/408) + 6. Suppose 3*i = -9, -z + i + n = 72. Calculate the greatest common divisor of 1056 and z.
33
Let m be ((-20)/6)/((-3)/(27/6)). Suppose 5*y - 3 = f, -4*y + 3 + m = 0. Calculate the greatest common divisor of 35 and f.
7
Suppose 5*t + 15 = 2*t + 4*d, 0 = 3*d - 9. Let w be -1 - -70 - t - 4. Let g = w - 49. Calculate the greatest common factor of 68 and g.
17
Let m be (-136)/(-12) + 1/(-3). Suppose 37*k + 24*k - 11407 = 0. What is the greatest common divisor of m and k?
11
Let c(y) = y**3 - y**2 - 4*y + 6. Let z be c(4). Let j = z + -34. Suppose -b + 61 = j*w, -w + 47 = w - 5*b. Calculate the greatest common factor of w and 32.
16
Suppose -3*b = -44*n + 42*n - 73, 0 = -4*b + 3*n + 99. Let v(h) = h**2 - 15*h - 26. Let g be v(18). Calculate the highest common factor of b and g.
7
Let d be (-1)/((-2)/(4 + -54)). Let l = 35 + d. Suppose -12 = -l*v + 7*v. Calculate the highest common divisor of 12 and v.
4
Let l = 14198 - 13958. Calculate the highest common factor of l and 2070.
30
Let c(t) = -4*t**3 + 7*t**2 - 118*t - 648. Let f be c(-6). What is the highest common divisor of f and 1512?
168
Let b = 32634 - 32163. What is the highest common factor of 10990 and b?
157
Let c(l) = 903*l - 1. Let s be c(1). Let d be 29 + (44 + -16 - -25). What is the greatest common divisor of s and d?
82
Suppose 5454 = 47*a + 754. Let o = -109 - -359. What is the highest common divisor of o and a?
50
Let p be (-1 + 21/14)*6. Let l(i) = -i**3 - 6*i**2 - 6*i - 9. Let b be l(-6). Let t be (b/6)/(2/12). What is the highest common factor of p and t?
3
Let i = -702 + 314. Let m = 532 + i. What is the greatest common factor of 9 and m?
9
Suppose 4*m + m = 235. Suppose m = 3*f - 37. Suppose 125*v - 1413 - 29 = 22*v. What is the greatest common divisor of v and f?
14
Let x be (-1456)/(-72) - 4/18. Suppose x*c - 39 - 101 = 0. Calculate the highest common factor of 21 and c.
7
Let p(a) = 15*a**2 + 7*a - 391. Let h be p(13). What is the highest common factor of h and 30?
15
Let c be (1 - 7)*(3 - 2)*1. Let q be c/39 + 8624/286. What is the highest common divisor of 135 and q?
15
Let d be ((-14)/(-3))/((-2)/(-6)). Suppose -z - 12 = 